{"id":4447,"date":"2022-03-14T12:37:55","date_gmt":"2022-03-14T11:37:55","guid":{"rendered":"https:\/\/www.italyfamilyhotels.it\/family-hotels\/family-hotel-la-perla"},"modified":"2025-07-15T12:19:41","modified_gmt":"2025-07-15T10:19:41","slug":"family-hotel-la-perla-valle-di-primiero","status":"publish","type":"page","link":"https:\/\/www.italyfamilyhotels.it\/de\/family-hotels\/family-hotel-la-perla-valle-di-primiero","title":{"rendered":"Family Hotel La Perla"},"content":{"rendered":"\n<p>Pale di San Martino, reine Bergluft, W\u00e4lder und Wiesen des Paneveggio-Parks bilden den Rahmen f\u00fcr Ihren Urlaub im <b>Family Hotel La Perla <\/b>in <b>Fiera di Primiero<\/b>. Der ideale Ort, um eine Auszeit vom Alltag zu nehmen und Ihren Kindern ein besonderes Erlebnis in enger Verbindung mit der unber\u00fchrten Natur zu bieten.<\/p>\n\n\n\n<p>Hier finden die Kinder eine ganz eigene fantastische Welt: die <b>Fantasiewerkstatt<\/b>, ein f\u00fcr den <b>Miniclub<\/b> geschaffenes Reich der Spiele, Farben und Zeichnungen, wo sie sich mit unserem Animationsteam vergn\u00fcgen k\u00f6nnen. Jede Woche bieten wir ein reichhaltiges <b>Programm an Aktivit\u00e4ten<\/b>, bei denen Jung und Alt bei gastronomischen und sportlichen Veranstaltungen und bei der Entdeckung der Umgebung unvergessliche Momente verbringen k\u00f6nnen.<\/p>\n\n\n\n<p>Das <b>kulinarische Erlebnis<\/b> ist wirklich k\u00f6stlich: <b>traditionelle Gerichte aus dem Primiero-Tal<\/b>, zubereitet mit <b>regionalen Produkten<\/b> und Fleisch aus dem <b>eigenen Bauernhof<\/b>. Dann ist ein Besuch in unserer <b>Bar im alpinen Stil<\/b> ein Muss, f\u00fcr einen Aperitif mit der ganzen Familie oder einen Drink mit Ihrem Partner.<\/p>\n\n\n\n<p>Unsere ger\u00e4umigen und komfortablen <b>Zimmer <\/b>sind ideal f\u00fcr Familien. Damit Sie mit leichtem Gep\u00e4ck reisen k\u00f6nnen, finden Sie im Hotel alle notwendigen <b>Babyausstattungen<\/b>, <b>Kinderwagen <\/b>und <b>Babyrucks\u00e4cke<\/b>.<\/p>\n","protected":false},"excerpt":{"rendered":"<p>Pale di San Martino, reine Bergluft, W\u00e4lder und Wiesen des Paneveggio-Parks bilden den Rahmen f\u00fcr Ihren Urlaub im Family Hotel La Perla in Fiera di Primiero. Der ideale Ort, um eine Auszeit vom Alltag zu nehmen und Ihren Kindern ein besonderes Erlebnis in enger Verbindung mit der unber\u00fchrten Natur zu bieten. Hier finden die Kinder &hellip;<\/p>\n","protected":false},"author":30,"featured_media":0,"parent":94,"menu_order":0,"comment_status":"closed","ping_status":"closed","template":"page-templates\/scheda_hotel.php","meta":{"_acf_changed":false,"inline_featured_image":false,"footnotes":""},"class_list":["post-4447","page","type-page","status-publish","hentry"],"acf":[],"yoast_head":"<!-- This site is optimized with the Yoast SEO plugin v27.1 - https:\/\/yoast.com\/product\/yoast-seo-wordpress\/ -->\n<title>Family Hotel La Perla, 3 Sterne, Primiero-Tal<\/title>\n<meta name=\"description\" content=\"Lust auf einen Urlaub mit Ihrer Familie? Entdecken Sie die Familienangebote im Family Hotel La Perla in Forio d&#039;Ischia\" \/>\n<meta name=\"robots\" content=\"index, follow, max-snippet:-1, max-image-preview:large, max-video-preview:-1\" \/>\n<link rel=\"canonical\" href=\"https:\/\/www.italyfamilyhotels.it\/de\/family-hotels\/family-hotel-la-perla-valle-di-primiero\" \/>\n<meta property=\"og:locale\" content=\"de_DE\" \/>\n<meta property=\"og:type\" content=\"article\" \/>\n<meta property=\"og:title\" content=\"Family Hotel La Perla, 3 Sterne, Primiero-Tal\" \/>\n<meta property=\"og:description\" content=\"Lust auf einen Urlaub mit Ihrer Familie? Entdecken Sie die Familienangebote im Family Hotel La Perla in Forio d&#039;Ischia\" \/>\n<meta property=\"og:url\" content=\"https:\/\/www.italyfamilyhotels.it\/de\/family-hotels\/family-hotel-la-perla-valle-di-primiero\" \/>\n<meta property=\"og:site_name\" content=\"Italy Family Hotels\" \/>\n<meta property=\"article:publisher\" content=\"https:\/\/www.facebook.com\/ItalyFamilyHotels\/\" \/>\n<meta property=\"article:modified_time\" content=\"2025-07-15T10:19:41+00:00\" \/>\n<meta name=\"twitter:card\" content=\"summary_large_image\" \/>\n<meta name=\"twitter:label1\" content=\"Gesch\u00e4tzte Lesezeit\" \/>\n\t<meta name=\"twitter:data1\" content=\"1\u00a0Minute\" \/>\n<script type=\"application\/ld+json\" class=\"yoast-schema-graph\">{\"@context\":\"https:\/\/schema.org\",\"@graph\":[{\"@type\":\"WebPage\",\"@id\":\"https:\/\/www.italyfamilyhotels.it\/de\/family-hotels\/family-hotel-la-perla-valle-di-primiero\",\"url\":\"https:\/\/www.italyfamilyhotels.it\/de\/family-hotels\/family-hotel-la-perla-valle-di-primiero\",\"name\":\"Family Hotel La Perla, 3 Sterne, Primiero-Tal\",\"isPartOf\":{\"@id\":\"https:\/\/www.italyfamilyhotels.it\/#website\"},\"datePublished\":\"2022-03-14T11:37:55+00:00\",\"dateModified\":\"2025-07-15T10:19:41+00:00\",\"description\":\"Lust auf einen Urlaub mit Ihrer Familie? Entdecken Sie die Familienangebote im Family Hotel La Perla in Forio d'Ischia\",\"breadcrumb\":{\"@id\":\"https:\/\/www.italyfamilyhotels.it\/de\/family-hotels\/family-hotel-la-perla-valle-di-primiero#breadcrumb\"},\"inLanguage\":\"de\",\"potentialAction\":[{\"@type\":\"ReadAction\",\"target\":[\"https:\/\/www.italyfamilyhotels.it\/de\/family-hotels\/family-hotel-la-perla-valle-di-primiero\"]}]},{\"@type\":\"BreadcrumbList\",\"@id\":\"https:\/\/www.italyfamilyhotels.it\/de\/family-hotels\/family-hotel-la-perla-valle-di-primiero#breadcrumb\",\"itemListElement\":[{\"@type\":\"ListItem\",\"position\":1,\"name\":\"Home\",\"item\":\"https:\/\/www.italyfamilyhotels.it\/de\"},{\"@type\":\"ListItem\",\"position\":2,\"name\":\"Family Hotels\",\"item\":\"https:\/\/www.italyfamilyhotels.it\/de\/family-hotels\"},{\"@type\":\"ListItem\",\"position\":3,\"name\":\"Family Hotel La Perla\"}]},{\"@type\":\"WebSite\",\"@id\":\"https:\/\/www.italyfamilyhotels.it\/#website\",\"url\":\"https:\/\/www.italyfamilyhotels.it\/\",\"name\":\"Italy Family Hotels\",\"description\":\"\",\"potentialAction\":[{\"@type\":\"SearchAction\",\"target\":{\"@type\":\"EntryPoint\",\"urlTemplate\":\"https:\/\/www.italyfamilyhotels.it\/?s={search_term_string}\"},\"query-input\":{\"@type\":\"PropertyValueSpecification\",\"valueRequired\":true,\"valueName\":\"search_term_string\"}}],\"inLanguage\":\"de\"}]}<\/script>\n<!-- \/ Yoast SEO plugin. -->","yoast_head_json":{"title":"Family Hotel La Perla, 3 Sterne, Primiero-Tal","description":"Lust auf einen Urlaub mit Ihrer Familie? Entdecken Sie die Familienangebote im Family Hotel La Perla in Forio d'Ischia","robots":{"index":"index","follow":"follow","max-snippet":"max-snippet:-1","max-image-preview":"max-image-preview:large","max-video-preview":"max-video-preview:-1"},"canonical":"https:\/\/www.italyfamilyhotels.it\/de\/family-hotels\/family-hotel-la-perla-valle-di-primiero","og_locale":"de_DE","og_type":"article","og_title":"Family Hotel La Perla, 3 Sterne, Primiero-Tal","og_description":"Lust auf einen Urlaub mit Ihrer Familie? Entdecken Sie die Familienangebote im Family Hotel La Perla in Forio d'Ischia","og_url":"https:\/\/www.italyfamilyhotels.it\/de\/family-hotels\/family-hotel-la-perla-valle-di-primiero","og_site_name":"Italy Family Hotels","article_publisher":"https:\/\/www.facebook.com\/ItalyFamilyHotels\/","article_modified_time":"2025-07-15T10:19:41+00:00","twitter_card":"summary_large_image","twitter_misc":{"Gesch\u00e4tzte Lesezeit":"1\u00a0Minute"},"schema":{"@context":"https:\/\/schema.org","@graph":[{"@type":"WebPage","@id":"https:\/\/www.italyfamilyhotels.it\/de\/family-hotels\/family-hotel-la-perla-valle-di-primiero","url":"https:\/\/www.italyfamilyhotels.it\/de\/family-hotels\/family-hotel-la-perla-valle-di-primiero","name":"Family Hotel La Perla, 3 Sterne, Primiero-Tal","isPartOf":{"@id":"https:\/\/www.italyfamilyhotels.it\/#website"},"datePublished":"2022-03-14T11:37:55+00:00","dateModified":"2025-07-15T10:19:41+00:00","description":"Lust auf einen Urlaub mit Ihrer Familie? Entdecken Sie die Familienangebote im Family Hotel La Perla in Forio d'Ischia","breadcrumb":{"@id":"https:\/\/www.italyfamilyhotels.it\/de\/family-hotels\/family-hotel-la-perla-valle-di-primiero#breadcrumb"},"inLanguage":"de","potentialAction":[{"@type":"ReadAction","target":["https:\/\/www.italyfamilyhotels.it\/de\/family-hotels\/family-hotel-la-perla-valle-di-primiero"]}]},{"@type":"BreadcrumbList","@id":"https:\/\/www.italyfamilyhotels.it\/de\/family-hotels\/family-hotel-la-perla-valle-di-primiero#breadcrumb","itemListElement":[{"@type":"ListItem","position":1,"name":"Home","item":"https:\/\/www.italyfamilyhotels.it\/de"},{"@type":"ListItem","position":2,"name":"Family Hotels","item":"https:\/\/www.italyfamilyhotels.it\/de\/family-hotels"},{"@type":"ListItem","position":3,"name":"Family Hotel La Perla"}]},{"@type":"WebSite","@id":"https:\/\/www.italyfamilyhotels.it\/#website","url":"https:\/\/www.italyfamilyhotels.it\/","name":"Italy Family Hotels","description":"","potentialAction":[{"@type":"SearchAction","target":{"@type":"EntryPoint","urlTemplate":"https:\/\/www.italyfamilyhotels.it\/?s={search_term_string}"},"query-input":{"@type":"PropertyValueSpecification","valueRequired":true,"valueName":"search_term_string"}}],"inLanguage":"de"}]}},"_links":{"self":[{"href":"https:\/\/www.italyfamilyhotels.it\/de\/wp-json\/wp\/v2\/pages\/4447","targetHints":{"allow":["GET"]}}],"collection":[{"href":"https:\/\/www.italyfamilyhotels.it\/de\/wp-json\/wp\/v2\/pages"}],"about":[{"href":"https:\/\/www.italyfamilyhotels.it\/de\/wp-json\/wp\/v2\/types\/page"}],"author":[{"embeddable":true,"href":"https:\/\/www.italyfamilyhotels.it\/de\/wp-json\/wp\/v2\/users\/30"}],"replies":[{"embeddable":true,"href":"https:\/\/www.italyfamilyhotels.it\/de\/wp-json\/wp\/v2\/comments?post=4447"}],"version-history":[{"count":6,"href":"https:\/\/www.italyfamilyhotels.it\/de\/wp-json\/wp\/v2\/pages\/4447\/revisions"}],"predecessor-version":[{"id":70658,"href":"https:\/\/www.italyfamilyhotels.it\/de\/wp-json\/wp\/v2\/pages\/4447\/revisions\/70658"}],"up":[{"embeddable":true,"href":"https:\/\/www.italyfamilyhotels.it\/de\/wp-json\/wp\/v2\/pages\/94"}],"wp:attachment":[{"href":"https:\/\/www.italyfamilyhotels.it\/de\/wp-json\/wp\/v2\/media?parent=4447"}],"curies":[{"name":"wp","href":"https:\/\/api.w.org\/{rel}","templated":true}]}}

<p>Pale di San Martino, reine Bergluft, Wälder und Wiesen des Paneveggio-Parks bilden den Rahmen für Ihren Urlaub im <b>Family Hotel La Perla </b>in <b>Fiera di Primiero</b>. Der ideale Ort, um eine Auszeit vom Alltag zu nehmen und Ihren Kindern ein besonderes Erlebnis in enger Verbindung mit der unberührten Natur zu bieten.</p>



<p>Hier finden die Kinder eine ganz eigene fantastische Welt: die <b>Fantasiewerkstatt</b>, ein für den <b>Miniclub</b> geschaffenes Reich der Spiele, Farben und Zeichnungen, wo sie sich mit unserem Animationsteam vergnügen können. Jede Woche bieten wir ein reichhaltiges <b>Programm an Aktivitäten</b>, bei denen Jung und Alt bei gastronomischen und sportlichen Veranstaltungen und bei der Entdeckung der Umgebung unvergessliche Momente verbringen können.</p>



<p>Das <b>kulinarische Erlebnis</b> ist wirklich köstlich: <b>traditionelle Gerichte aus dem Primiero-Tal</b>, zubereitet mit <b>regionalen Produkten</b> und Fleisch aus dem <b>eigenen Bauernhof</b>. Dann ist ein Besuch in unserer <b>Bar im alpinen Stil</b> ein Muss, für einen Aperitif mit der ganzen Familie oder einen Drink mit Ihrem Partner.</p>



<p>Unsere geräumigen und komfortablen <b>Zimmer </b>sind ideal für Familien. Damit Sie mit leichtem Gepäck reisen können, finden Sie im Hotel alle notwendigen <b>Babyausstattungen</b>, <b>Kinderwagen </b>und <b>Babyrucksäcke</b>.</p>

<p>Pale di San Martino, reine Bergluft, Wälder und Wiesen des Paneveggio-Parks bilden den Rahmen für Ihren Urlaub im Family Hotel La Perla in Fiera di Primiero. Der ideale Ort, um eine Auszeit vom Alltag zu nehmen und Ihren Kindern ein besonderes Erlebnis in enger Verbindung mit der unberührten Natur zu bieten. Hier finden die Kinder &hellip;</p>

<!-- This site is optimized with the Yoast SEO plugin v27.1 - https://yoast.com/product/yoast-seo-wordpress/ -->
<title>Family Hotel La Perla, 3 Sterne, Primiero-Tal</title>
<meta name="description" content="Lust auf einen Urlaub mit Ihrer Familie? Entdecken Sie die Familienangebote im Family Hotel La Perla in Forio d&#039;Ischia" />
<meta name="robots" content="index, follow, max-snippet:-1, max-image-preview:large, max-video-preview:-1" />
<link rel="canonical" href="https://www.italyfamilyhotels.it/de/family-hotels/family-hotel-la-perla-valle-di-primiero" />
<meta property="og:locale" content="de_DE" />
<meta property="og:type" content="article" />
<meta property="og:title" content="Family Hotel La Perla, 3 Sterne, Primiero-Tal" />
<meta property="og:description" content="Lust auf einen Urlaub mit Ihrer Familie? Entdecken Sie die Familienangebote im Family Hotel La Perla in Forio d&#039;Ischia" />
<meta property="og:url" content="https://www.italyfamilyhotels.it/de/family-hotels/family-hotel-la-perla-valle-di-primiero" />
<meta property="og:site_name" content="Italy Family Hotels" />
<meta property="article:publisher" content="https://www.facebook.com/ItalyFamilyHotels/" />
<meta property="article:modified_time" content="2025-07-15T10:19:41+00:00" />
<meta name="twitter:card" content="summary_large_image" />
<meta name="twitter:label1" content="Geschätzte Lesezeit" />
	<meta name="twitter:data1" content="1 Minute" />
<script type="application/ld+json" class="yoast-schema-graph">{"@context":"https://schema.org","@graph":[{"@type":"WebPage","@id":"https://www.italyfamilyhotels.it/de/family-hotels/family-hotel-la-perla-valle-di-primiero","url":"https://www.italyfamilyhotels.it/de/family-hotels/family-hotel-la-perla-valle-di-primiero","name":"Family Hotel La Perla, 3 Sterne, Primiero-Tal","isPartOf":{"@id":"https://www.italyfamilyhotels.it/#website"},"datePublished":"2022-03-14T11:37:55+00:00","dateModified":"2025-07-15T10:19:41+00:00","description":"Lust auf einen Urlaub mit Ihrer Familie? Entdecken Sie die Familienangebote im Family Hotel La Perla in Forio d'Ischia","breadcrumb":{"@id":"https://www.italyfamilyhotels.it/de/family-hotels/family-hotel-la-perla-valle-di-primiero#breadcrumb"},"inLanguage":"de","potentialAction":[{"@type":"ReadAction","target":["https://www.italyfamilyhotels.it/de/family-hotels/family-hotel-la-perla-valle-di-primiero"]}]},{"@type":"BreadcrumbList","@id":"https://www.italyfamilyhotels.it/de/family-hotels/family-hotel-la-perla-valle-di-primiero#breadcrumb","itemListElement":[{"@type":"ListItem","position":1,"name":"Home","item":"https://www.italyfamilyhotels.it/de"},{"@type":"ListItem","position":2,"name":"Family Hotels","item":"https://www.italyfamilyhotels.it/de/family-hotels"},{"@type":"ListItem","position":3,"name":"Family Hotel La Perla"}]},{"@type":"WebSite","@id":"https://www.italyfamilyhotels.it/#website","url":"https://www.italyfamilyhotels.it/","name":"Italy Family Hotels","description":"","potentialAction":[{"@type":"SearchAction","target":{"@type":"EntryPoint","urlTemplate":"https://www.italyfamilyhotels.it/?s={search_term_string}"},"query-input":{"@type":"PropertyValueSpecification","valueRequired":true,"valueName":"search_term_string"}}],"inLanguage":"de"}]}</script>
<!-- / Yoast SEO plugin. -->
